et n(g) = -g**3 - 27*g**2 + 89*g + 9. Calculate n(-30).
39
Let o(y) = y**3 + 20*y**2 + 60*y - 340. Determine o(-13).
63
Let v(s) = -6*s**2 - 91*s - 12. Determine v(-15).
3
Let n(c) = c**2 - 42*c - 2816. Determine n(78).
-8
Let o(g) = g**2 - 1852*g + 23890. Give o(13).
-17
Let l(d) = 4*d**3 - 2*d**2 - 32*d - 105. Calculate l(-4).
-265
Let q(j) = 6*j - 273. Calculate q(39).
-39
Let s(c) = -26*c - 511. What is s(-24)?
113
Let h(y) = 457*y + 283. Calculate h(-1).
-174
Let l(t) = 29*t**2 + 378*t + 14. Give l(-13).
1
Let q(w) = 47*w**2 + 4*w + 4. Give q(-1).
47
Let u(i) = 5*i**2 + 103*i + 19. Calculate u(-20).
-41
Let d(n) = -3*n**2 + 39*n + 15. Determine d(18).
-255
Let n(w) = -9*w**2 - 298*w + 934. What is n(-36)?
-2
Let q(s) = -s**3 + 18*s**2 - 48*s + 200. What is q(16)?
-56
Let x(h) = -201*h - 175. Determine x(-1).
26
Let t(o) = 10*o**2 - 79*o - 11. What is t(8)?
-3
Let n(p) = 62*p - 346. Determine n(6).
26
Let v(w) = -w**3 + 3*w**2 - 3*w + 2. Determine v(0).
2
Let g(b) = 720*b + 2036. Determine g(-3).
-124
Let o(a) = 93*a + 938. Calculate o(-10).
8
Let w(r) = -r**2 + 23*r - 142. Determine w(12).
-10
Let m(b) = -b**3 - 9*b**2 + 63*b - 51. Give m(4).
-7
Let l(p) = 595*p + 1200. Determine l(-2).
10
Let b(f) = -f**3 + 18*f**2 + 538*f + 202. Give b(34).
-2
Let v(r) = -2*r**3 + 12*r**2 + 362*r - 26. Give v(17).
-230
Let u(k) = -137*k + 2183. Determine u(16).
-9
Let t(l) = 6*l**2 + 9. Calculate t(3).
63
Let p(x) = 186*x + 1864. Calculate p(-10).
4
Let w(f) = -f**2 + 75*f - 1400. What is w(35)?
0
Let u(n) = n**3 - 50*n**2 + 98*n - 93. Calculate u(48).
3
Let g(b) = -b**2 + 38*b - 254. Calculate g(28).
26
Let i(a) = 526*a - 3659. Calculate i(7).
23
Let m(s) = -s**3 + 18*s**2 - 22*s + 205. Calculate m(17).
120
Let f(j) = -j**2 - 99*j - 1554. Determine f(-18).
-96
Let o(b) = -b**3 + 9*b**2 - 8*b + 87. Determine o(10).
-93
Let w(b) = b**3 - 8*b**2 + 14*b + 10. Determine w(4).
2
Let h(m) = 178*m + 780. Calculate h(-4).
68
Let f(o) = 65*o - 199. Give f(3).
-4
Let p(l) = -6*l**2 - 815*l - 3801. Give p(-131).
-2
Let n(s) = -s**3 + 7*s**2 + 19*s + 6. Determine n(9).
15
Let c(l) = -l**3 + 101*l**2 - 204*l + 542. Determine c(99).
-52
Let h(d) = d**3 - 70*d**2 + 383*d + 3. Determine h(6).
-3
Let m(a) = -6*a**3 + 27*a**2 - 15*a + 8. Determine m(4).
-4
Let b(r) = -r**3 + 6*r**2 - 3*r - 12. Calculate b(3).
6
Let i(t) = 4*t**2 - 49*t + 50. Calculate i(1).
5
Let o(i) = -6*i**3 - 8*i**2 + 8*i + 13. Give o(-3).
79
Let h(r) = -304*r + 583. Calculate h(2).
-25
Let c(q) = 317*q + 18094. What is c(-57)?
25
Let v(o) = -o**3 + 23*o**2 - 29*o + 618. Give v(23).
-49
Let i(a) = -239*a + 519. What is i(2)?
41
Let i(o) = -o**2 + 55*o + 560. Calculate i(-10).
-90
Let v(h) = 7*h**2 - 88*h + 40. Give v(12).
-8
Let d(g) = -14*g**2 + 54*g - 9. Give d(5).
-89
Let j(d) = 204*d**2 - 10*d + 4. Give j(0).
4
Let b(o) = 1534*o + 1531. Calculate b(-1).
-3
Let r(h) = 41*h**2 - 14*h - 43. Give r(-3).
368
Let i(f) = -3*f**3 + 5*f**2 + 11*f - 25. Calculate i(6).
-427
Let x(m) = m**2 + 39*m + 320. Calculate x(-22).
-54
Let a(y) = 2*y**2 - 2894*y - 8700. Calculate a(-3).
0
Let p(n) = -62*n - 1077. Calculate p(-15).
-147
Let d(a) = -a**3 - 40*a**2 - 320*a - 31. Determine d(-11).
-20
Let n(l) = 2*l - 46. Give n(2).
-42
Let r(v) = -v**2 + 115*v - 2274. What is r(90)?
-24
Let y(i) = -i**3 - 4*i**2 + 31*i + 27. Calculate y(-8).
35
Let l(a) = a**3 - 39*a**2 - 175*a + 139. Give l(43).
10
Let o(m) = -m**3 + 47*m**2 - 43*m + 5. What is o(46)?
143
Let f(g) = -4*g**2 + 56*g + 24. Give f(15).
-36
Let g(n) = 64*n + 763. What is g(-12)?
-5
Let x(b) = -b**2 + 32*b - 223. What is x(22)?
-3
Let y(n) = 3*n**2 + 48*n + 22. Determine y(-20).
262
Let v(z) = 35*z - 453. Calculate v(9).
-138
Let y(p) = 2188*p - 78791. Give y(36).
-23
Let f(o) = -o**2 + 28*o - 12. Determine f(23).
103
Let w(t) = -2*t**3 + 28*t**2 - 71*t + 15. Determine w(10).
105
Let w(b) = 3*b**2 + 19*b - 144. What is w(-11)?
10
Let n(l) = 3*l**2 + 1515*l - 3027. Give n(2).
15
Let m(g) = g**2 - 40*g + 73. Calculate m(39).
34
Let c(z) = z**2 - 16*z - 382. What is c(34)?
230
Let o(p) = -p**3 + p - 214. Give o(0).
-214
Let z(t) = 20*t + 27. What is z(-4)?
-53
Let p(g) = g**2 - 1763*g - 24875. Give p(-14).
3
Let r(q) = -6*q**2 + 514*q - 7003. Determine r(17).
1
Let n(x) = -624*x - 39937. Determine n(-64).
-1
Let y(g) = 2*g**2 - 34*g - 59. Determine y(17).
-59
Let r(y) = -12*y + 486. What is r(39)?
18
Let f(d) = -d**3 + 26*d**2 + 3*d - 40. Calculate f(26).
38
Let d(j) = -j**3 + 30*j**2 - 72*j + 32. Give d(26).
864
Let g(p) = -7754*p - 62025. Give g(-8).
7
Let u(r) = -2*r**2 - 631*r - 7858. Determine u(-13).
7
Let r(a) = 173*a**2 + 1050*a + 65. What is r(-6)?
-7
Let c(w) = -176*w + 1875. Give c(11).
-61
Let w(s) = -s**2 - s + 94. What is w(7)?
38
Let b(o) = o**3 - 21*o**2 + 115*o. Give b(11).
55
Let i(l) = -l**2 - 26*l + 269. What is i(8)?
-3
Let s(f) = 5*f**3 + 12*f**2 - 9*f + 13. Calculate s(3).
229
Let x(z) = 9*z**2 - 83*z + 87. Give x(9).
69
Let s(r) = -149*r + 5. Give s(-1).
154
Let p(u) = u**2 - 257*u + 2964. What is p(12)?
24
Let q(v) = 31*v + 376. Calculate q(-12).
4
Let u(q) = 19*q**2 - 1197*q + 7. Determine u(63).
7
Let x(c) = 13*c**2 + 365*c + 708. Give x(-26).
6
Let r(b) = 125*b - 29507. Calculate r(236).
-7
Let s(m) = m**2 + 54*m - 489. Give s(8).
7
Let a(o) = -6*o**2 - 66*o - 21. Calculate a(-10).
39
Let g(k) = 17*k**2 + 34*k + 4. Determine g(-2).
4
Let n(a) = -6*a**2 - 18*a - 135. Calculate n(-5).
-195
Let o(h) = -2*h**2 + 23*h - 49. Give o(9).
-4
Let r(g) = 17*g**2 - 393*g + 95. Give r(23).
49
Let r(i) = i**2 - 18*i + 53. What is r(15)?
8
Let q(x) = -x**3 - 10*x**2 - 2*x + 13. Determine q(-7).
-120
Let m(b) = b**3 - 51*b**2 + 54*b - 171. Calculate m(50).
29
Let a(z) = -4*z**3 + 137*z**2 - 25*z - 78. What is a(34)?
228
Let q(t) = -2*t**2 - 18*t + 107. Determine q(9).
-217
Let s(h) = 3*h**2 - 28*h - 252. Determine s(-6).
24
Let f(m) = m**2 - 101*m - 761. Calculate f(108).
-5
Let q(y) = -2*y**2 + 122*y - 1813. What is q(38)?
-65
Let z(b) = 3*b**2 + b + 16. Calculate z(6).
130
Let i(a) = -a**2 - 80*a + 727. What is i(8)?
23
Let u(d) = -1582*d - 1734. Determine u(-1).
-152
Let j(k) = -263*k - 4217. What is j(-16)?
-9
Let i(v) = 2*v**2 + 77*v + 422. Calculate i(-32).
6
Let n(d) = 145*d - 3799. Calculate n(27).
116
Let o(h) = -5*h - 56. Calculate o(-25).
69
Let y(q) = -263*q - 347. Determine y(-1).
-84
Let i(o) = -o**3 - o**2 - o - 3. What is i(-3)?
18
Let h(p) = p**2 + 87*p + 613. What is h(-8)?
-19
Let a(c) = 2*c**3 - 40*c**2 - 57*c + 297. Determine a(21).
-18
Let u(m) = -2*m**2 - 222*m + 3158. Calculate u(13).
-66
Let x(m) = 2*m**3 - 122*m**2 - 5*m + 318. Determine x(61).
13
Let l(q) = -2*q**3 - q**2 + 132*q + 87. What is l(-8)?
-9
Let x(g) = -g**3 + 15*g**2 + 31*g + 35. Calculate x(17).
-16
Let z(f) = 1063*f - 88213. Determine z(83).
16
Let p(v) = 627*v + 36368. Give p(-58).
2
Let v(k) = 368*k - 87957. Calculate v(239).
-5
Let m(t) = 45*t - 1497. Determine m(33).
-12
Let z(t) = 12*t + 752. Give z(-63).
-4
Let j(b) = b**3 + 76*b**2 + 422*b + 164. Determine j(-70).
24
Let o(n) = 44*n + 50. Calculate o(-7).
-258
Let u(o) = -4350*o + 30517. Calculate u(7).
67
Let c(t) = -83*t + 4820. Give c(58).
6
Let q(n) = -12*n**2 + 22*n + 2. Determine q(3).
-40
Let r(m) = -27*m + 72. Give r(7).
-117
Let v(w) = -4*w**3 + 67*w**2 - 32*w - 240. Calculate v(16).
16
Let w(p) = 111*p - 769. Give w(7).
8
Let q(a) = 218*a - 26591. What is q(122)?
5
Let n(x) = x**3 - 75*x**2 + 199*x + 1223. Give n(72).
-1
Let y(x) = 50*x - 112. Give y(3).
38
Let l(v) = -v**3 - 2*v**2 - 6*v - 4. What is l(-4)?
52
Let w(r) = -22*r - 215. Calculate w(-13).
71
Let c(z) = z**3 + 54*z**2 + 149*z - 175. Determine c(-51).
29
Let y(n) = -n**2 - 51*n - 735. Give y(-25).
-85
Let l(w) = -w**2 - 18*w - 91. What is l(-6)?
-19
Let a(d) = 8*d**3 - 21*d**2 + 29*d + 52. What is a(-1)?
-6
Let l(a) = 9*a + 397. What is l(-42)?
19
Let m(s) = -15*s - 376. Calculate m(-19).
-91
Let x(k) = -k**3 - 18*k**2 - 5*k - 224. Give x(-18).
-134
Let y(g) = -3*g**3 - 400*g**2 - 104*g + 3868. Determine y(-133).
11
Let f(a) = 2*a**2 - 7*a + 8. What is f(0)?
8
Let y(n) = -4*n - 144. What is y(-35)?
-4
Let r(l) = -370*l - 4407. Determine r(-11).
-337
Let s(m) = m**3 - 115*m**2 + 663*m - 986. Give s(109).
-5
Let u(k) = -43*k**